t a(c) = 3*c**2 - 5*c + 2. Let v be a(2). Suppose v*w - 9 - 91 = 0. Calculate the greatest common divisor of 75 and w.
25
Suppose -4*t - 4736 = -4*v, 2*v + 417 - 2813 = 9*t. Calculate the greatest common divisor of 40 and v.
20
Let b(r) be the second derivative of r**3/3 - 5*r**2 - 12*r. Let w be b(8). Suppose w*n - 70 = n. Calculate the highest common divisor of n and 56.
14
Let k be ((-12)/16)/((-22)/3256). Calculate the greatest common factor of k and 27.
3
Let f = -3234 + 5346. What is the greatest common divisor of 480 and f?
96
Let g(s) = -13*s - 67. Let t be g(-6). Let u = t - -43. What is the highest common divisor of u and 27?
27
Suppose a = 3*f + 184, 0 = 41*f - 44*f + 6. What is the highest common divisor of 437 and a?
19
Suppose -44*t + 42*t = -1036. What is the highest common factor of 666 and t?
74
Suppose 8*g = 27*g - 7448. Suppose 4*t = 2*i - 444, 3*t + t + 668 = 3*i. What is the highest common divisor of g and i?
56
Suppose 8*t - 23*t - 4968 = -107*t. What is the greatest common factor of 2538 and t?
54
Let w(v) = v**2 - 48*v - 990. Let y be w(64). Let b(a) = 9*a**2 + 2. Let r be b(8). What is the highest common divisor of r and y?
34
Let u = -60 + 55. Let r(o) = 2*o - 5. Let w be r(2). Let c be (-80)/u + (-8 + w)/3. What is the highest common divisor of 91 and c?
13
Let w(o) = 46*o - 248. Suppose 4*m - 91 = -67. Let p be w(m). What is the highest common divisor of p and 126?
14
Let j be (-46358)/(-14) + 0 + (-11)/(847/22). Calculate the greatest common factor of j and 385.
77
Suppose -7*l = -2*l + 15. Let m be (60/14)/(l/(-21)). Suppose -4*v + 300 = 16*v. Calculate the highest common divisor of m and v.
15
Let h be 5/(-10)*438 + -8. Let b = 248 + h. What is the highest common factor of 49 and b?
7
Let z = 19 - -2. Suppose 26*d - 28 + 2 = 0. Let n be d*(11 + -13 - (-8 - 1)). What is the greatest common divisor of z and n?
7
Let v = -4864 - -5392. Calculate the highest common divisor of 408 and v.
24
Suppose -b + 8*z + 10877 = 0, -b + 10877 = -5*z + 10*z. Calculate the highest common factor of 149 and b.
149
Suppose 0 = 7*b + 3*f - 25395 - 27570, 5*f = 4*b - 30259. What is the highest common factor of 3 and b?
3
Let d be (207/12)/3*(13 - 105). Let o = d + 559. Calculate the greatest common divisor of o and 540.
30
Let s be ((-48)/(-5))/((-16)/80). Let n = s - -104. Let t = 1211 + -1204. Calculate the highest common factor of t and n.
7
Suppose -1210 = 11*s - 13*s + 2*w, 7*w = 3*s - 1835. Calculate the greatest common factor of s and 1080.
120
Suppose -42*z - 319 = -1467 - 574. Calculate the highest common factor of z and 123.
41
Suppose 2*c + 0*c - 4*u = -8, 0 = 3*c + 2*u - 4. Suppose 30*m - 36*m + 126 = c. Let z = -295 + 526. What is the highest common divisor of z and m?
21
Suppose 2*c + 1 + 52 = 3*l, -5*c + 5*l - 135 = 0. Let t be (-1694)/c - (-2)/(-4). Calculate the greatest common factor of 120 and t.
60
Let a(o) = -o**3 - 10*o**2 + 22*o + 1. Let f be a(-12). Let x = 5 + -1. Let w be ((-1 - 2) + 5 - x) + f. Calculate the greatest common divisor of 69 and w.
23
Suppose -3 = -u - 3*a, 2*a + 3 = 2*u - 3. What is the greatest common factor of u and 133?
1
Let b = 1035 - 251. Let f = -34327 - -34343. Calculate the greatest common divisor of b and f.
16
Let x be 210/630*846*2/2. What is the greatest common divisor of x and 78?
6
Let u(w) = 166*w + 558. Let o be u(-3). Calculate the greatest common divisor of 51 and o.
3
Suppose 2*o - 199 - 65 = -2*d, -2*o + 4*d = -282. What is the greatest common factor of 108 and o?
27
Let d be 6/30 + (-14)/(-5). Suppose -d*o - 2*h + 290 = 95, -4*o + 2*h + 260 = 0. Let c be 4*39*(-3)/(-18). What is the greatest common factor of o and c?
13
Let g(h) = -2*h**2 - 6*h + 27. Let x(k) = -k**2 - 3*k + 13. Let r(j) = -4*g(j) + 7*x(j). Let q be r(4). Calculate the highest common divisor of q and 2.
1
Let t be 2/(1132/(-228) + 5). Let a be 3800/t*(-24)/(-20). Calculate the greatest common factor of a and 560.
80
Let j(p) be the second derivative of 4*p**2 + 1/2*p**4 - 2/3*p**3 - 24*p + 0. Let o be j(2). Calculate the highest common factor of 8 and o.
8
Suppose 4*v + 15*k - 91 = 10*k, 3*k = -3*v + 69. Calculate the greatest common factor of 51 and v.
3
Suppose -6*j - 449*p + 453*p + 3676 = 0, 4*j - 2404 = -4*p. What is the greatest common factor of 209 and j?
19
Let l(b) = -7*b. Let c be l(-5). Let x be 835 + 4 + 0 + 0 + 1. Suppose x = 7*i - 4*i. What is the greatest common divisor of i and c?
35
Let n be 4 + (6 - -8*11). Let h = 48 + 99. Calculate the highest common factor of n and h.
49
Suppose -6*a + 1846 + 3674 + 240 = 0. What is the greatest common factor of 3456 and a?
192
Let q(k) = 14*k + 5. Let a be q(1). Suppose 16*r - 222 = a*r. Let g = r + 154. Calculate the highest common factor of 20 and g.
20
Let p be 7 + (-4 - -3) + -2. Suppose x - 6 = -p. Let w be (-40)/60*(-45)/x. What is the highest common divisor of 120 and w?
15
Let b(j) = -j**2 + 18*j + 4. Let w be b(17). Calculate the highest common divisor of w and 203.
7
Suppose -5*o - m = -34, 0 = -9*o + 7*o + 5*m - 8. Let b be (87/o)/1*(-24)/(-12). Calculate the greatest common factor of 580 and b.
29
Let h = -4178 + 4241. Calculate the greatest common divisor of 588 and h.
21
Suppose -7*i + 2*i + 396 = 2*m, -404 = -2*m - i. Let n = 216 - m. Calculate the greatest common factor of n and 169.
13
Suppose -8*o = -11*o + 4*w + 908, 0 = -o + 2*w + 302. What is the highest common factor of o and 6916?
76
Let z = -5599 - -6577. Calculate the greatest common divisor of 5053 and z.
163
Suppose 0 = -162*x - 73*x + 75200. Calculate the greatest common factor of 1020 and x.
20
Let h(k) = k**3 + 12*k**2 + 10*k - 11. Let x be h(-11). Suppose x = -10*u + 111 + 329. Calculate the highest common divisor of 77 and u.
11
Suppose 0 = 13*y - 78 + 2197. Let q = 185 + y. Calculate the highest common divisor of q and 99.
11
Let k be 0/(6/(0 - 2)). Suppose k = 11*c - 4*c - 364. Calculate the highest common divisor of 39 and c.
13
Suppose 5*p - 60 = -45. Let c = -70 - -133. What is the greatest common factor of p and c?
3
Let x(j) = 103*j**2 + 6*j - 5. Let l be x(1). Let w be 10 + 11 + -1*5/(-1). What is the highest common divisor of l and w?
26
Suppose -4*t + 111 = -333. Suppose t + 144 = 15*f. Calculate the highest common divisor of f and 323.
17
Let y = -122 - -212. Suppose 58 = 4*r - 6*r. Let x = r + 38. What is the greatest common divisor of y and x?
9
Let n be (-42)/(-10 - -3) + 16. Suppose 8*o - 52 = -5*o. What is the highest common factor of o and n?
2
Let v(z) = 14*z - 251. Let t be v(18). Let r(m) = 110*m**3 + 5*m**2 - 5*m. Let y be r(t). Calculate the highest common factor of y and 44.
22
Suppose y = 6*y - 100. Suppose 250*j - 44 = 246*j. Suppose 16*m - 75 = -d + j*m, -3*d + 155 = m. Calculate the highest common factor of y and d.
10
Suppose -2*o + 88 = 5*d, 84*o + d + 124 = 86*o. Calculate the highest common factor of 4661 and o.
59
Suppose -3*z - 4*b = -1731 - 2002, -1237 = -z - 5*b. Calculate the highest common factor of 667 and z.
29
Let z be -5288*(1/(-2) + 0) - (-2 + -4). Calculate the greatest common factor of z and 1219.
53
Let n(f) = -419*f - 2325. Let v be n(-37). What is the greatest common divisor of v and 22?
22
Let k(c) = 3*c**3 + 2*c**2 - 3*c - 4. Let l be k(7). Let w(r) = r**2 + 105*r + 2522. Let b be w(-69). What is the highest common factor of l and b?
38
Let a(o) = 4*o + 50. Let w be a(-14). Let k be (-4)/((-8)/10) + (-4578)/w. Calculate the highest common factor of 48 and k.
48
Let f be 1/((-2 - (-1 - 0))*-1). Let a be (77/28 + -1)/(f/4). What is the greatest common factor of 21 and a?
7
Let n be -2 + (-2 - -3) - -3. Suppose 3*u + 357 = 5*p, n*p - 158 = -5*u + 10*u. Calculate the highest common factor of 3 and p.
3
Let z = 6067 - 5051. What is the greatest common factor of z and 112?
8
Suppose -r - 198 = -3*r. Let n(i) = -32*i**2 + 109*i. Let k be n(3). Suppose -4*q - k = -r. Calculate the greatest common divisor of 10 and q.
5
Let w = 344 - 304. Suppose -49*f + 2340 = -w*f. Calculate the greatest common divisor of 104 and f.
52
Suppose 30 + 126 = u. Suppose 3*b + u = 6*b. Let s = b + -42. What is the highest common divisor of s and 40?
10
Suppose -c = -0*c - 12*c. Let v be 14 - ((5 - c) + (-3 - 0)). What is the highest common factor o